{"id":1608,"date":"2023-01-23T12:41:55","date_gmt":"2023-01-23T12:41:55","guid":{"rendered":"https:\/\/www.icanproject.eu\/climate-conference-kit\/"},"modified":"2023-01-30T13:39:17","modified_gmt":"2023-01-30T13:39:17","slug":"climate-conference-kit","status":"publish","type":"page","link":"https:\/\/www.icanproject.eu\/fr\/climate-conference-kit\/","title":{"rendered":"Climate Conference Kit"},"content":{"rendered":"<div id='av_section_1'  class='avia-section main_color avia-section-default avia-no-border-styling  av-parallax-section avia-bg-style-parallax  avia-builder-el-0  avia-builder-el-no-sibling   av-minimum-height av-minimum-height-100  container_wrap fullsize' style=' '  data-section-bg-repeat='no-repeat' data-av_minimum_height_pc='100'><div class='av-parallax' data-avia-parallax-ratio='0.3' ><div class='av-parallax-inner main_color  avia-full-stretch' style = 'background-repeat: no-repeat; background-image: url(https:\/\/www.icanproject.eu\/wp-content\/uploads\/2022\/12\/green-energy-saving-background-light-bulb-with-trees-remixed-media-scaled.jpg);background-attachment: scroll; background-position: center left; ' ><\/div><\/div><div class='container' ><main  role=\"main\" itemprop=\"mainContentOfPage\"  class='template-page content  av-content-full alpha units'><div class='post-entry post-entry-type-page post-entry-1608'><div class='entry-content-wrapper clearfix'>\n<div class=\"flex_column av_two_fifth  flex_column_div av-zero-column-padding first  avia-builder-el-1  el_before_av_three_fifth  avia-builder-el-first  \" style='border-radius:0px; '><\/div><div class=\"flex_column av_three_fifth  flex_column_div av-zero-column-padding   avia-builder-el-2  el_after_av_two_fifth  el_before_av_two_fifth  \" style='border-radius:0px; '><div  style='padding-bottom:10px; margin:0 0 0 0; ' class='av-special-heading av-special-heading-h1  blockquote modern-quote modern-centered  avia-builder-el-3  avia-builder-el-no-sibling  '><h1 class='av-special-heading-tag '  itemprop=\"headline\"  >Kit de conf\u00e9rence sur le climat<\/h1><div class ='av-subheading av-subheading_below  ' style='font-size:15px;'><p>Une bo\u00eete \u00e0 outils pour faire participer les \u00e9l\u00e8ves et stimuler la r\u00e9flexion critique sur le changement climatique.<\/p>\n<\/div><div class='special-heading-border'><div class='special-heading-inner-border' ><\/div><\/div><\/div><\/div><div class=\"flex_column av_two_fifth  flex_column_div av-zero-column-padding first  avia-builder-el-4  el_after_av_three_fifth  el_before_av_three_fifth  \" style='border-radius:0px; '><\/div><div class=\"flex_column av_three_fifth  flex_column_div av-zero-column-padding   avia-builder-el-5  el_after_av_two_fifth  el_before_av_one_full  \" style='border-radius:0px; '><div  class='avia-button-wrap avia-button-center  avia-builder-el-6  avia-builder-el-no-sibling ' ><a href='https:\/\/toolkit.icanproject.eu\/#\/home' class='avia-button  avia-color-green  avia-font-color-theme-color  avia-icon_select-no avia-size-large avia-position-center ' target=\"_blank\" rel=\"noopener noreferrer\"><span class='avia_iconbox_title' >Acc\u00e9der \u00e0 la bo\u00eete \u00e0 outils<\/span><span class='avia_button_background avia-button avia-color-green' ><\/span><\/a><\/div><\/div><div class=\"flex_column av_one_full  flex_column_div av-zero-column-padding first  avia-builder-el-7  el_after_av_three_fifth  el_before_av_two_fifth  \" style='border-radius:0px; '><\/div><div class=\"flex_column av_two_fifth  flex_column_div av-zero-column-padding first  avia-builder-el-8  el_after_av_one_full  el_before_av_three_fifth  column-top-margin\" style='border-radius:0px; '><\/div><div class=\"flex_column av_three_fifth  flex_column_div av-zero-column-padding   avia-builder-el-9  el_after_av_two_fifth  avia-builder-el-last  column-top-margin\" style='border-radius:0px; '><section class=\"av_textblock_section \"  itemscope=\"itemscope\" itemtype=\"https:\/\/schema.org\/CreativeWork\" ><div class='avia_textblock  '   itemprop=\"text\" ><h3 style=\"text-align: center;\">Le projet I-CAN offre aux enseignants non seulement toutes les informations et tous les outils pour organiser une conf\u00e9rence sur le climat, mais aussi de nombreuses activit\u00e9s \u00e0 proposer aux \u00e9l\u00e8ves pour lutter ensemble contre le changement climatique..<\/h3>\n<h3 style=\"text-align: center;\"><strong>Rejoignez la communaut\u00e9 I-CAN et utilisez les m\u00eames identifiants pour acc\u00e9der aux activit\u00e9s interactives !<\/strong><\/h3>\n<\/div><\/section><br \/>\n<div  class='avia-button-wrap avia-button-center  avia-builder-el-11  el_after_av_textblock  avia-builder-el-last ' ><a href='https:\/\/community.icanproject.eu\/' class='avia-button  avia-color-green   avia-icon_select-no avia-size-small avia-position-center ' target=\"_blank\" rel=\"noopener noreferrer\"><span class='avia_iconbox_title' >Rejoignez la communaut\u00e9 I-CAN<\/span><\/a><\/div><\/p><\/div>\n","protected":false},"excerpt":{"rendered":"","protected":false},"author":1,"featured_media":0,"parent":0,"menu_order":0,"comment_status":"closed","ping_status":"closed","template":"","meta":{"footnotes":""},"class_list":["post-1608","page","type-page","status-publish","hentry"],"yoast_head":"<!-- This site is optimized with the Yoast SEO plugin v21.9.1 - https:\/\/yoast.com\/wordpress\/plugins\/seo\/ -->\n<title>Climate Conference Kit - Ican Project<\/title>\n<meta name=\"robots\" content=\"index, follow, max-snippet:-1, max-image-preview:large, max-video-preview:-1\" \/>\n<link rel=\"canonical\" href=\"https:\/\/www.icanproject.eu\/fr\/climate-conference-kit\/\" \/>\n<meta property=\"og:locale\" content=\"fr_FR\" \/>\n<meta property=\"og:type\" content=\"article\" \/>\n<meta property=\"og:title\" content=\"Climate Conference Kit - Ican Project\" \/>\n<meta property=\"og:url\" content=\"https:\/\/www.icanproject.eu\/fr\/climate-conference-kit\/\" \/>\n<meta property=\"og:site_name\" content=\"Ican Project\" \/>\n<meta property=\"article:modified_time\" content=\"2023-01-30T13:39:17+00:00\" \/>\n<meta name=\"twitter:card\" content=\"summary_large_image\" \/>\n<meta name=\"twitter:label1\" content=\"Dur\u00e9e de lecture estim\u00e9e\" \/>\n\t<meta name=\"twitter:data1\" content=\"7 minutes\" \/>\n<script type=\"application\/ld+json\" class=\"yoast-schema-graph\">{\"@context\":\"https:\/\/schema.org\",\"@graph\":[{\"@type\":\"WebPage\",\"@id\":\"https:\/\/www.icanproject.eu\/fr\/climate-conference-kit\/\",\"url\":\"https:\/\/www.icanproject.eu\/fr\/climate-conference-kit\/\",\"name\":\"Climate Conference Kit - Ican Project\",\"isPartOf\":{\"@id\":\"https:\/\/www.icanproject.eu\/fr\/#website\"},\"datePublished\":\"2023-01-23T12:41:55+00:00\",\"dateModified\":\"2023-01-30T13:39:17+00:00\",\"breadcrumb\":{\"@id\":\"https:\/\/www.icanproject.eu\/fr\/climate-conference-kit\/#breadcrumb\"},\"inLanguage\":\"fr-FR\",\"potentialAction\":[{\"@type\":\"ReadAction\",\"target\":[\"https:\/\/www.icanproject.eu\/fr\/climate-conference-kit\/\"]}]},{\"@type\":\"BreadcrumbList\",\"@id\":\"https:\/\/www.icanproject.eu\/fr\/climate-conference-kit\/#breadcrumb\",\"itemListElement\":[{\"@type\":\"ListItem\",\"position\":1,\"name\":\"Home\",\"item\":\"https:\/\/www.icanproject.eu\/fr\/\"},{\"@type\":\"ListItem\",\"position\":2,\"name\":\"Climate Conference Kit\"}]},{\"@type\":\"WebSite\",\"@id\":\"https:\/\/www.icanproject.eu\/fr\/#website\",\"url\":\"https:\/\/www.icanproject.eu\/fr\/\",\"name\":\"Ican Project\",\"description\":\"INTERNATIONAL CLIMATE ACTION NETWORK (I-CAN)\",\"potentialAction\":[{\"@type\":\"SearchAction\",\"target\":{\"@type\":\"EntryPoint\",\"urlTemplate\":\"https:\/\/www.icanproject.eu\/fr\/?s={search_term_string}\"},\"query-input\":\"required name=search_term_string\"}],\"inLanguage\":\"fr-FR\"}]}<\/script>\n<!-- \/ Yoast SEO plugin. -->","yoast_head_json":{"title":"Climate Conference Kit - Ican Project","robots":{"index":"index","follow":"follow","max-snippet":"max-snippet:-1","max-image-preview":"max-image-preview:large","max-video-preview":"max-video-preview:-1"},"canonical":"https:\/\/www.icanproject.eu\/fr\/climate-conference-kit\/","og_locale":"fr_FR","og_type":"article","og_title":"Climate Conference Kit - Ican Project","og_url":"https:\/\/www.icanproject.eu\/fr\/climate-conference-kit\/","og_site_name":"Ican Project","article_modified_time":"2023-01-30T13:39:17+00:00","twitter_card":"summary_large_image","twitter_misc":{"Dur\u00e9e de lecture estim\u00e9e":"7 minutes"},"schema":{"@context":"https:\/\/schema.org","@graph":[{"@type":"WebPage","@id":"https:\/\/www.icanproject.eu\/fr\/climate-conference-kit\/","url":"https:\/\/www.icanproject.eu\/fr\/climate-conference-kit\/","name":"Climate Conference Kit - Ican Project","isPartOf":{"@id":"https:\/\/www.icanproject.eu\/fr\/#website"},"datePublished":"2023-01-23T12:41:55+00:00","dateModified":"2023-01-30T13:39:17+00:00","breadcrumb":{"@id":"https:\/\/www.icanproject.eu\/fr\/climate-conference-kit\/#breadcrumb"},"inLanguage":"fr-FR","potentialAction":[{"@type":"ReadAction","target":["https:\/\/www.icanproject.eu\/fr\/climate-conference-kit\/"]}]},{"@type":"BreadcrumbList","@id":"https:\/\/www.icanproject.eu\/fr\/climate-conference-kit\/#breadcrumb","itemListElement":[{"@type":"ListItem","position":1,"name":"Home","item":"https:\/\/www.icanproject.eu\/fr\/"},{"@type":"ListItem","position":2,"name":"Climate Conference Kit"}]},{"@type":"WebSite","@id":"https:\/\/www.icanproject.eu\/fr\/#website","url":"https:\/\/www.icanproject.eu\/fr\/","name":"Ican Project","description":"INTERNATIONAL CLIMATE ACTION NETWORK (I-CAN)","potentialAction":[{"@type":"SearchAction","target":{"@type":"EntryPoint","urlTemplate":"https:\/\/www.icanproject.eu\/fr\/?s={search_term_string}"},"query-input":"required name=search_term_string"}],"inLanguage":"fr-FR"}]}},"_links":{"self":[{"href":"https:\/\/www.icanproject.eu\/fr\/wp-json\/wp\/v2\/pages\/1608","targetHints":{"allow":["GET"]}}],"collection":[{"href":"https:\/\/www.icanproject.eu\/fr\/wp-json\/wp\/v2\/pages"}],"about":[{"href":"https:\/\/www.icanproject.eu\/fr\/wp-json\/wp\/v2\/types\/page"}],"author":[{"embeddable":true,"href":"https:\/\/www.icanproject.eu\/fr\/wp-json\/wp\/v2\/users\/1"}],"replies":[{"embeddable":true,"href":"https:\/\/www.icanproject.eu\/fr\/wp-json\/wp\/v2\/comments?post=1608"}],"version-history":[{"count":3,"href":"https:\/\/www.icanproject.eu\/fr\/wp-json\/wp\/v2\/pages\/1608\/revisions"}],"predecessor-version":[{"id":1629,"href":"https:\/\/www.icanproject.eu\/fr\/wp-json\/wp\/v2\/pages\/1608\/revisions\/1629"}],"wp:attachment":[{"href":"https:\/\/www.icanproject.eu\/fr\/wp-json\/wp\/v2\/media?parent=1608"}],"curies":[{"name":"wp","href":"https:\/\/api.w.org\/{rel}","templated":true}]}}

<div id='av_section_1'  class='avia-section main_color avia-section-default avia-no-border-styling  av-parallax-section avia-bg-style-parallax  avia-builder-el-0  avia-builder-el-no-sibling   av-minimum-height av-minimum-height-100  container_wrap fullsize' style=' '  data-section-bg-repeat='no-repeat' data-av_minimum_height_pc='100'><div class='av-parallax' data-avia-parallax-ratio='0.3' ><div class='av-parallax-inner main_color  avia-full-stretch' style = 'background-repeat: no-repeat; background-image: url(https://www.icanproject.eu/wp-content/uploads/2022/12/green-energy-saving-background-light-bulb-with-trees-remixed-media-scaled.jpg);background-attachment: scroll; background-position: center left; ' ></div></div><div class='container' ><main  role="main" itemprop="mainContentOfPage"  class='template-page content  av-content-full alpha units'><div class='post-entry post-entry-type-page post-entry-1608'><div class='entry-content-wrapper clearfix'>
<div class="flex_column av_two_fifth  flex_column_div av-zero-column-padding first  avia-builder-el-1  el_before_av_three_fifth  avia-builder-el-first  " style='border-radius:0px; '></div><div class="flex_column av_three_fifth  flex_column_div av-zero-column-padding   avia-builder-el-2  el_after_av_two_fifth  el_before_av_two_fifth  " style='border-radius:0px; '><div  style='padding-bottom:10px; margin:0 0 0 0; ' class='av-special-heading av-special-heading-h1  blockquote modern-quote modern-centered  avia-builder-el-3  avia-builder-el-no-sibling  '><h1 class='av-special-heading-tag '  itemprop="headline"  >Kit de conférence sur le climat</h1><div class ='av-subheading av-subheading_below  ' style='font-size:15px;'><p>Une boîte à outils pour faire participer les élèves et stimuler la réflexion critique sur le changement climatique.</p>
</div><div class='special-heading-border'><div class='special-heading-inner-border' ></div></div></div></div><div class="flex_column av_two_fifth  flex_column_div av-zero-column-padding first  avia-builder-el-4  el_after_av_three_fifth  el_before_av_three_fifth  " style='border-radius:0px; '></div><div class="flex_column av_three_fifth  flex_column_div av-zero-column-padding   avia-builder-el-5  el_after_av_two_fifth  el_before_av_one_full  " style='border-radius:0px; '><div  class='avia-button-wrap avia-button-center  avia-builder-el-6  avia-builder-el-no-sibling ' ><a href='https://toolkit.icanproject.eu/#/home' class='avia-button  avia-color-green  avia-font-color-theme-color  avia-icon_select-no avia-size-large avia-position-center ' target="_blank" rel="noopener noreferrer"><span class='avia_iconbox_title' >Accéder à la boîte à outils</span><span class='avia_button_background avia-button avia-color-green' ></span></a></div></div><div class="flex_column av_one_full  flex_column_div av-zero-column-padding first  avia-builder-el-7  el_after_av_three_fifth  el_before_av_two_fifth  " style='border-radius:0px; '></div><div class="flex_column av_two_fifth  flex_column_div av-zero-column-padding first  avia-builder-el-8  el_after_av_one_full  el_before_av_three_fifth  column-top-margin" style='border-radius:0px; '></div><div class="flex_column av_three_fifth  flex_column_div av-zero-column-padding   avia-builder-el-9  el_after_av_two_fifth  avia-builder-el-last  column-top-margin" style='border-radius:0px; '><section class="av_textblock_section "  itemscope="itemscope" itemtype="https://schema.org/CreativeWork" ><div class='avia_textblock  '   itemprop="text" ><h3 style="text-align: center;">Le projet I-CAN offre aux enseignants non seulement toutes les informations et tous les outils pour organiser une conférence sur le climat, mais aussi de nombreuses activités à proposer aux élèves pour lutter ensemble contre le changement climatique..</h3>
<h3 style="text-align: center;"><strong>Rejoignez la communauté I-CAN et utilisez les mêmes identifiants pour accéder aux activités interactives !</strong></h3>
</div></section><br />
<div  class='avia-button-wrap avia-button-center  avia-builder-el-11  el_after_av_textblock  avia-builder-el-last ' ><a href='https://community.icanproject.eu/' class='avia-button  avia-color-green   avia-icon_select-no avia-size-small avia-position-center ' target="_blank" rel="noopener noreferrer"><span class='avia_iconbox_title' >Rejoignez la communauté I-CAN</span></a></div></p></div>

<!-- This site is optimized with the Yoast SEO plugin v21.9.1 - https://yoast.com/wordpress/plugins/seo/ -->
<title>Climate Conference Kit - Ican Project</title>
<meta name="robots" content="index, follow, max-snippet:-1, max-image-preview:large, max-video-preview:-1" />
<link rel="canonical" href="https://www.icanproject.eu/fr/climate-conference-kit/" />
<meta property="og:locale" content="fr_FR" />
<meta property="og:type" content="article" />
<meta property="og:title" content="Climate Conference Kit - Ican Project" />
<meta property="og:url" content="https://www.icanproject.eu/fr/climate-conference-kit/" />
<meta property="og:site_name" content="Ican Project" />
<meta property="article:modified_time" content="2023-01-30T13:39:17+00:00" />
<meta name="twitter:card" content="summary_large_image" />
<meta name="twitter:label1" content="Durée de lecture estimée" />
	<meta name="twitter:data1" content="7 minutes" />
<script type="application/ld+json" class="yoast-schema-graph">{"@context":"https://schema.org","@graph":[{"@type":"WebPage","@id":"https://www.icanproject.eu/fr/climate-conference-kit/","url":"https://www.icanproject.eu/fr/climate-conference-kit/","name":"Climate Conference Kit - Ican Project","isPartOf":{"@id":"https://www.icanproject.eu/fr/#website"},"datePublished":"2023-01-23T12:41:55+00:00","dateModified":"2023-01-30T13:39:17+00:00","breadcrumb":{"@id":"https://www.icanproject.eu/fr/climate-conference-kit/#breadcrumb"},"inLanguage":"fr-FR","potentialAction":[{"@type":"ReadAction","target":["https://www.icanproject.eu/fr/climate-conference-kit/"]}]},{"@type":"BreadcrumbList","@id":"https://www.icanproject.eu/fr/climate-conference-kit/#breadcrumb","itemListElement":[{"@type":"ListItem","position":1,"name":"Home","item":"https://www.icanproject.eu/fr/"},{"@type":"ListItem","position":2,"name":"Climate Conference Kit"}]},{"@type":"WebSite","@id":"https://www.icanproject.eu/fr/#website","url":"https://www.icanproject.eu/fr/","name":"Ican Project","description":"INTERNATIONAL CLIMATE ACTION NETWORK (I-CAN)","potentialAction":[{"@type":"SearchAction","target":{"@type":"EntryPoint","urlTemplate":"https://www.icanproject.eu/fr/?s={search_term_string}"},"query-input":"required name=search_term_string"}],"inLanguage":"fr-FR"}]}</script>
<!-- / Yoast SEO plugin. -->
